-2*p + 147 = p. What is the remainder when p is divided by i?
10
Let s = 98 + -192. Let u = -86 - s. What is the remainder when 102 is divided by u?
6
Let q = 290 - 170. What is the remainder when q is divided by 25?
20
Suppose -5*k + 472 = -423. Calculate the remainder when k is divided by 14.
11
Let q be (-4 - 22/(-8))/(1/(-8)). What is the remainder when 7 is divided by 0 + q - (16 + -11)?
2
Suppose 269 = 13*j - 394. What is the remainder when 99 is divided by j?
48
Let h be (5 - (-28)/(-16)) + (-2)/8. Suppose h*d + 0*u = 3*u + 78, u = 2*d - 50. What is the remainder when 70 is divided by d?
22
Calculate the remainder when 22 is divided by ((-6)/16)/((-141)/3384).
4
Let b(q) = q**3 - 4*q**2 + 5*q - 2. Suppose 13*z - 114 = 7*z. What is the remainder when z is divided by b(3)?
3
Let j(g) = g**2 + 2*g - 31. Let b be j(7). What is the remainder when b/(-6)*495/(-44) is divided by 13?
8
Suppose 18 = -54*p + 57*p. Calculate the remainder when p is divided by 4.
2
Let p = 476 - 472. Calculate the remainder when 65 is divided by p.
1
Let o(l) = -4*l + 17. Let f be ((-15)/6 + 2)/((-6)/(-60)). Calculate the remainder when o(f) is divided by 18 - (-1 - (2 + -2)).
18
Suppose -4*h + 2 = -10. Let w(u) = u**3 - 8*u**2 + 3. Let y be w(8). Calculate the remainder when 53 is divided by (h/y)/((-3)/(-33)).
9
Suppose 0 = 6*f - 83 + 5. Calculate the remainder when 62 is divided by f.
10
Let w = 239 - 146. Let f(i) = 4*i**2 - 3*i - 3. What is the remainder when w is divided by f(-2)?
17
Let t = -669 - -859. What is the remainder when t is divided by 15?
10
Let d = -136 - -280. Calculate the remainder when d is divided by 37.
33
Let s = -3841 + 3866. Calculate the remainder when s is divided by 8 + 6/((-9)/(-3)).
5
Let d(u) = -10*u + 3. Let m be (4/(-3))/(7/21). What is the remainder when d(m) is divided by ((-22)/4)/(6/(-24))?
21
Let o = -24 - -40. Let i(d) = d**3 - 29*d**2 + 29*d + 27. Calculate the remainder when i(28) is divided by o.
7
Let s(r) = -r**3 + 6*r**2 - 13. What is the remainder when s(5) is divided by 2?
0
What is the remainder when 833 is divided by 21*-2*20/(-42)*7?
133
Let g = 53 + -27. Calculate the remainder when g is divided by ((-1)/(-2))/((-8)/(-272)).
9
Suppose 0 = -4*x + 3*v - 72, v + 54 = -3*x - 3*v. Let n = x + 2. Let a = 19 + n. Calculate the remainder when a is divided by 3.
0
Suppose -a = 1 - 5 - 2. Suppose 5*z = z + 24. Let x(t) = t - 2. Calculate the remainder when a is divided by x(z).
2
Let m = 553 + -443. Calculate the remainder when m is divided by 8.
6
Let t(o) be the second derivative of -3*o**5/10 - 5*o. Suppose 4*l + 2*h - 38 = 0, 0*h - 5*h + 4 = -3*l. Calculate the remainder when t(-2) is divided by l.
6
Let y = 27 - 24. Suppose y*r - r = 0. Suppose 42 = f - r*f + 3*t, f - 4*t - 49 = 0. What is the remainder when f is divided by 16?
13
Suppose -3*r + 775 = 2*p, 5*r - 2*p = 937 + 344. Let n = -168 + r. What is the remainder when n is divided by 23?
20
Let b(o) = -8*o**3 - 2*o**2 - 2*o. Let x be b(-1). Let i = 63 + x. Suppose 5*q + 8 - 98 = 0. Calculate the remainder when i is divided by q.
17
Let w(c) = 3*c**3 - 7*c + 2*c - 2*c**3. Calculate the remainder when w(4) is divided by 16.
12
Let i = 110 - 105. Suppose 3*t + 4*x - 62 = 160, -i*t + 353 = x. Calculate the remainder when t is divided by 4.
2
Let b = -676 - -1042. Calculate the remainder when b is divided by 34.
26
Let y(d) = d**2 - 2*d + 3. Let k be y(2). Suppose 8*f - k*f = 195. Suppose -174 + 4 = -17*n. Calculate the remainder when f is divided by n.
9
Suppose -a + 2*a = -1, -4*j = -a - 25. Suppose -2*t - 5*i + 83 = -j*i, -58 = -2*t - 4*i. What is the remainder when 76 is divided by t?
37
Let y(l) = -2*l**2 + 26*l + 30. Let d be y(13). Let s = 10 + -6. Suppose d = s*q + q. Calculate the remainder when q is divided by 3.
0
Suppose a + 2*u + 3*u = 63, -2*a = 5*u - 111. Suppose 7*j - 5*j = 16. Let n = 17 + j. Calculate the remainder when a is divided by n.
23
Suppose 76 = -9*a + 11*a. Calculate the remainder when 264 is divided by a.
36
Calculate the remainder when 25*3/18*3*14 is divided by 7.
0
Suppose 2*u = 3*w + 20 + 29, -5*w + 31 = u. What is the remainder when 124 is divided by u?
20
Let t(c) = -c**2 - 39*c - 35. Calculate the remainder when t(-18) is divided by 89.
76
Let b = -17 + 20. What is the remainder when (-3)/(5/(-15)*(3 - 2)) is divided by b?
0
Let m(w) = -w + 26. Calculate the remainder when m(4) is divided by 6.
4
Let i = 23 + 63. Suppose -4*d + 5*y + 200 = y, d = -4*y + 30. What is the remainder when i is divided by d?
40
Let b(k) = k. Let w be b(3). Let h = w - -16. Suppose 0 = 2*o + 3 - 25. Calculate the remainder when h is divided by o.
8
Suppose -i - 3*i = -40. Let x(v) = -5*v + 44. Let d be x(-15). Let f = d - 61. What is the remainder when f is divided by i?
8
Let f = -27 - -60. Let r(g) = g**3 - 5*g**2 - 3*g + 5. Let q be r(4). What is the remainder when f is divided by 15/(-5) - (q - -2)?
15
Let i be 1/(-2)*-2 + 3 + 0. Let x(t) = t**2 + 5*t + 3. Calculate the remainder when x(i) is divided by 15.
9
Let w be 57/(-9)*(-21)/(-7). Let p = 6 - w. Suppose 3*c - 11 - p = 0. Calculate the remainder when 56 is divided by c.
8
Suppose 8*x - 15 = -7. Suppose 26 = w + w - 3*v, -52 = -4*w - 2*v. Let k = w - x. Calculate the remainder when 23 is divided by k.
11
Suppose 0 = l + 8*l - 45. Suppose -a - 3*p + 20 = -6*p, -p + 52 = l*a. Calculate the remainder when ((-3)/(-1))/((-9)/(-60)) is divided by a.
9
Suppose -5*l + 20*a = 25*a - 290, -l + a = -64. Suppose 0 = -3*v, 3*v - 956 = -4*w + 4*v. What is the remainder when w is divided by l?
56
What is the remainder when 5032/222*(-3)/(-4) is divided by 3*2*11/6?
6
Let n be (14 + -12)*306/4. Let m be (2/3)/(6/n). Let h = m + -15. What is the remainder when h is divided by 2?
0
Let d(z) = z**3 - 16*z**2 - 17*z + 19. Calculate the remainder when d(17) is divided by 9.
1
Suppose 0 = 2*k - 5*a - 30, -4*k = 2*a - 46 - 38. What is the remainder when 157 is divided by k?
17
What is the remainder when 353 is divided by 32/160*(-355)/(-1)?
69
Suppose 6*j = -12*j + 6120. Calculate the remainder when j is divided by 57.
55
What is the remainder when 20126/87 + (2/(-6) - 0) is divided by 5?
1
Suppose 3*h - 7*h = -52. Let f(j) = 2*j**2 - 16*j + 15. Let b be f(10). Let t = b + -19. What is the remainder when t is divided by h?
10
Let a(y) = -6*y + 148. What is the remainder when 301 is divided by a(2)?
29
Let s = 1656 - 1640. Let b(f) = 24*f + 3. Let c(p) = -1. Let q(d) = b(d) + 4*c(d). Calculate the remainder when q(2) is divided by s.
15
Suppose -4 = z - 2*l, 0 = 4*z + 5*l - 33 - 3. Suppose z*f - 70 - 30 = 0. What is the remainder when f is divided by 4?
1
Let t(l) = 49*l + 222. Calculate the remainder when t(5) is divided by 36.
35
Let h(n) = -n**3 - 2*n**2 - 4*n - 5. Let y be h(-4). Calculate the remainder when y - (2*-3)/(-3) is divided by 22.
19
Suppose -172 = 4*t + 152. Let y be (-6446)/(-55) - (-6)/(-5). Let v = y + t. What is the remainder when v is divided by 9?
8
Suppose 12*j - 4*j - 520 = 0. What is the remainder when j is divided by 18?
11
Let c = 42 - 9. Let b = 28 + c. Suppose -v = x - 2*v - 31, -155 = -5*x - v. Calculate the remainder when b is divided by x.
30
Let a be (0 - 6/(-4))*72. Let q be (-2)/7 + (-1032)/14. Let y = q + a. Calculate the remainder when y is divided by 9.
7
Suppose -5*z + 265 = -5*m, 4*z + 0*m = 3*m + 210. Let c = -1497 + 1515. Calculate the remainder when z is divided by c.
15
Suppose 4*g - 7 - 1 = 0. What is the remainder when -8 + 12 + 5*g is divided by 5?
4
Suppose 12*u + 121*u - 12901 = 0. Let f = 2 + 47. Calculate the remainder when u is divided by f.
48
Suppose -105 = -3*g - 2*g. Suppose 0 = -4*i + 9 + 15. What is the remainder when g is divided by i?
3
Let c = -704 - -1269. Calculate the remainder when c is divided by 21.
19
Let k = 122 - 62. Suppose 4 + k = 2*c. Calculate the remainder when c is divided by 11.
10
Suppose -18*c = -14*c + 252. Let i = c + 99. Calculate the remainder when i is divided by (12 - 1)*1 - -2.
10
Let q = -387 + 853. Calculate the remainder when q is divided by 13.
11
Let n(x) = -x**2 + 23*x - 3. Calculate the remainder when n(16) is divided by 55.
54
Let x(f) be the second derivative of -f**4/12 - 5*f**3/6 - 2*f**2 - 6*f. Calculate the remainder 